 - 23)).
-6
Evaluate -34 + 24 + -3 + 8 + -4.
-9
-9 + (14 - (13 - (11 - 5))) + 16
14
Evaluate 18 + (-12 - (9 + (1 - 25))).
21
What is the value of -26 + 12 - 11 - (-1 - 6) - 1?
-19
(-2 - 0) + -1 + (-4 - -9)
2
1 + -4 - (-2 - -30 - (-34 + 50))
-15
Evaluate (-25 - -3) + -13 + 30.
-5
Calculate (-12 - (-26 - -14)) + -2 + (2 - -7).
7
What is (9 - (4 + 14 + -10)) + (-23 - -1)?
-21
What is -76 + 84 - (-5 - 0)?
13
Evaluate -28 + 8 + 20 - (-1 - 5).
6
What is the value of (14 - 3 - 3) + (74 - 76)?
6
What is the value of -1 + 37 + -30 - (2 + -1 - -5)?
0
29 - 0 - (48 - (84 - 46))
19
Calculate 9 + (9 + (8 - 18) - 0) - -5.
13
What is (1 - (-1 - 6)) + -17 + -2?
-11
Calculate (-43 + 26 - -16) + (-1 - (-1 - -1)).
-2
What is 3 + 3 + -3 + -5 + (5 - 0)?
3
What is the value of 8 + (-11 - 14) - -13?
-4
Calculate (3 - 16) + (-11 - (-2 + 0)) + 6.
-16
Evaluate -7 + 5 + -5 + 21 + (-2 - -1).
13
8 - 3 - ((21 - 0) + -20)
4
What is (-10 + 8 - (-6 + -1)) + 2?
7
What is the value of 12 + -4 + -14 - (-1 + 1 + 4)?
-10
Evaluate 0 - (3 - 0 - (-58 - -26 - -42)).
7
Evaluate (24 - (-48 - -25)) + -27.
20
0 + -12 + 48 + (13 - 29)
20
Calculate 0 + (-12 - (-7 + -2)) + -8.
-11
What is 15 + -14 - -4 - (3 - (-4 - -3))?
1
What is 136 + -119 - (2 + 4)?
11
Calculate (0 - (-47 + 25)) + -39.
-17
-41 + 35 - 32 - -19
-19
What is the value of -3 + 3 + 51 + -33?
18
What is the value of 1 + 7 + (20 - 11) + 2?
19
Evaluate 23 + -4 + 2 + (2 - (9 - 4)).
18
What is the value of 2 + (12 - 14) + (-4 - 17)?
-21
(-3 - (9 + (-10 - -3))) + -5 + 1
-9
What is -11 + 10 + (-22 - (9 + 2))?
-34
What is -9 + (-4 - 29) + 55?
13
Calculate (2 - 16 - -11 - (0 + -10)) + 8.
15
What is 3 + -2 + -1 + 2 + 4?
6
Evaluate 16 - -10 - (3 + 6 + -7 - -2).
22
What is (34 - 46) + -3 + 2 + -5?
-18
-5 + (-12 - (0 + (-10 - -6)) - 0)
-13
Evaluate (-2 - (5 - 3) - -3) + (757 - 733).
23
What is the value of (-19 - (9 + 2)) + 20?
-10
Calculate (4 - -32) + -46 + 27 + -1.
16
What is the value of (21 - 8) + -14 - 8?
-9
What is 0 + 0 + (23 - (15 + -3))?
11
Evaluate -8 + -12 - 3 - -11.
-12
Calculate 19 - (-8 + 10 - -2).
15
What is -18 - (-7 - -10) - (14 + -20)?
-15
Calculate -4 - (-4 - (2 - 10 - -1)) - 3.
-10
Calculate -2 + 42 + 29 + -57.
12
What is (5 - (-2 + (5 - (16 + 1)))) + -5?
14
Evaluate (-5 - (3 - 15)) + 12 + 13 + -27.
5
Evaluate -2 + -16 - (25 - (19 + -4)).
-28
What is 7 - (5 - 7) - 13?
-4
What is (29 - 6 - 11) + (-10 - -1)?
3
Evaluate 0 + -18 + -668 + 664.
-22
What is 10 - (16 - (-15 + (9 - -3)))?
-9
Calculate -27 - (-20 - (-49 - -32)).
-24
What is the value of -14 + (14 + 2 - 4)?
-2
-3 + 3 + 32 + -3 + -4
25
Calculate -10 + 5 + (24 - 21 - (-3 - 12)).
13
Evaluate 13 + (-15 + 12 - 12) - (0 - 19).
17
Evaluate (28 - (3 - -5)) + (2 - -8) + -6.
24
-9 + 5 + 6 + 0 + (5 - 2)
5
What is 4 + 8 + (28 - 39)?
1
What is (-16 + 1 + -3 - -20) + 0 + 9?
11
12 + -2 - 15 - -14
9
Evaluate (30 - 22) + ((1 - 5) + 2 - -7).
13
What is -2 + (93 + -89 - (-1 + 20))?
-17
Calculate (826 - 841) + -1 + 24.
8
Evaluate (28 - 35) + (49 - 44) + (-10 - 0).
-12
8 + 1 + -6 + 6 + 0
9
Evaluate -20 + (16 - -4) - 4.
-4
Evaluate 0 + -21 + (9 - (4 + -2 + 0)).
-14
-12 - 1 - 9 - -34
12
91 - 88 - (-2 - (1 - 5 - 1))
0
What is -1 + ((-13 - -6) + 5 - -9)?
6
2 - (-2 - (-3 + -1)) - (621 - 630)
9
24 + -28 + 26 + -5
17
11 + (-15 - (36 - 25))
-15
Evaluate 21 - (-29 - (-20 - 8)).
22
Evaluate 17 + -8 + -2 + -10 + (-31 - -52).
18
What is -3 - (-17 + -6 - -14)?
6
Calculate 6 + -14 + 8 - 2 - (0 - -26).
-28
-18 + 23 + -36 + 20
-11
What is (76 - 83) + (-2 - 8)?
-17
Evaluate (-58 - -52) + 0 + -7.
-13
What is (-6 - (-2 - 0) - -13) + 3 + -10?
2
Calculate (-10 - (-1 + -12)) + 7.
10
What is the value of 3 - (9 - (6 - 9 - -6))?
-3
What is -5 + (-14 - -2 - (-4 + -1))?
-12
-16 + -2 + (261 - 257)
-14
What is the value of (28 - 12 - -7) + -3?
20
Evaluate 16 + -42 + -44 + 40.
-30
(-5 - (1 + 6 - 17)) + 10
15
What is the value of 10 - -44 - (-73 + 103)?
24
What is the value of 2 - (341 - 341 - (-1 - 15))?
-14
2 + -7 - (38 + (-54 - -44))
-33
-6 + 8 + (8 - 32) - (-6 + 0)
-16
Evaluate 2 - 10 - (168 - 171 - (1 + 27)).
23
Evaluate 12 + (10 + -1 - (0 - (-19 + 5))).
7
Calculate -12 - (1 - (-5 + (4 - 3))).
-17
Evaluate -8 + 10 + 2 - -11.
15
(-6 - -25) + -7 + (4 + -2 - 3)
11
What is the value of -6 + 2 - (-1 - (0 - 0 - -11))?
8
Evaluate -6 - 9 - -27 - 28.
-16
Evaluate -1 - (6 + 0 - (5 + 0)) - -27.
25
Calculate 5 + 13 + 1 - 11.
8
Calculate 12 + (6 - (5 - -8)) + 7.
12
What is the value of -1097 - -1105 - (-2 - -2 - 1)?
9
2 + 4 + 3 + (10 - 16)
3
What is -16 + (4 + 7 + -11 - (1 - 1))?
-16
(-1 - -8) + (-15 - (-30 - -23))
-1
Calculate 18 + -32 + 0 + (1 - 4 - 0).
-17
-18 + 30 + (12 - 33)
-9
What is 14 + (-11 - (-18 + 8))?
13
Calculate -10 + (-17 + 28 + -31 - 6).
-36
What is -21 + 0 + 32 + -4?
7
What is the value of (1 - (-1 + 5)) + (-7 - -15)?
5
What is -12 - 22 - (-41 + 9)?
-2
Evaluate -4 + (1 - (7 + -10 + 3) - -4).
1
What is the value of -135 + 128 + (1 - -10)?
4
Evaluate 4 - (-1 + -12 + 5 + 2).
10
What is -33 - (28 + -6 - 76)?
21
Evaluate -9 + (22 - 32) + (17 - 2).
-4
What is the value of -18 - (-1 - (3 - (-10 + -1)))?
-3
Calculate -26 - 0 - (-25 + -6 + 27).
-22
What is the value of (39 - 58) + 7 + -2?
-14
What is (27 - 30) + (-8 - -1) - -4?
-6
Calculate 1 + 12 + -5 + -8.
0
Calculate 1 - (-29 + 37 + -9 + 1 + 3).
-2
Evaluate (-1 - 16) + 425 + -425.
-17
What is the value of -213 - -171 - (-26 - -3)?
-19
Evaluate 5 + -2 + -9 + (-42 - -55).
7
Calculate -8 - -1 - -9 - (-12 - (1 - -2)).
17
Evaluate 14 + 5 + -9 - (-15 + 32 - 15).
8
What is 7 - (-3 + -3 - -3 - -1)?
9
Evaluate 33 + -4 + -35 - -31.
25
What is (24 - 58) + 50 - 18?
-2
What is the value of -4 - 2 - 1 - (168 + -170)?
-5
What is -8 + (2 + -10 - (-37 + 36))?
-15
What is the value of (-35 + 76 - 60) + 12 + 0?
-7
What is the value of (-260 - -255) + -1 + -10?
-16
Calculate 3 - (0 + 24 - (43 + -42)).
-20
What is the value of -17 - -6 - -8 - (4 - (2 + -5))?
-10
What is the value of (-4 - -4) + 22 + -12?
10
Calculate 37 + -9 + (-3 - 13) + 16.
28
Calculate 17 + (8 - 9 - (-1 + 2 - -7)).
8
-38 + (5 - (18 - 33))
-18
Calculate 28 + -18 + (1 - -2 - (-5 + 45)).
-27
Evaluate -6 + 6 - 4 - (-4 - -13) - -3.
-10
10 - (9 + (-6 - (4 + -1 + -6)))
4
-18 - ((-32 - -13) + 10) - (2 - 6)
-5
What is 24 + (27 - (37 - -3))?
11
Calculate 0 + -3 - ((-10 - 0) + -13) - 1.
19
Evaluate (-7 + (-6 + 5 - -3) - 1) + 11.
5
Evaluate 1 + -4 + (12 - 2) + 33 + -10.
30
What is (0 - (8 + -7) - 3) + 0?
-4
Calculate (1 - 4 - -2) + 6.
5
Calculate -1001 + 1005 - (-1 - -3 - (-29 - -5)).
-22
60 + 19 + -30 - 32
17
(4 - (12 - 19)) + -6 + 4
9
What is the value of -23 + 0 + 18 + -1?
-6
What is 18 + -15 + -13 + 2?
-8
What is the value of -2 + (33 - (32 + -8))?
7
Calculate (16 - 9) + -4 + -5.
-2
Evaluate 25 + -16 - (-6 + -2 + 6 + -6).
17
What is (-4 - -5) + 2 + 0 + 0 + -7?
-4
Evaluate -1 + 1 - (0 + -22 + 19) - -3.
6
Calculate 15 + -18 + (19 - 15).
1
Evaluate 1 + -8 + 12 + -4 + 8.
9
What is the value of -26 - -29 - ((3 - 3) + 3)?
0
Calculate 2 + -5 + (9 - (18 - -3)).
-15
What is the value of 29 + (-10 - 32) - (6 - 30)?
11
Evaluate 9 + 9 + -23 + 1 - -14.
10
Evaluate (-9 - -30) + -14 + -14.
-7
What is the value of -50 + 51 + (9 - 3)?
7
Evaluate -4 + 9 + (6 - 25) - (2 - 1).
-15
Evaluate -7 + 1 + (84 + -76 - (2 - -7)).
-7
What is the value of (6 - 3 - 1) + 17 + -13 + -1?
5
-779 + 786 - (9 + 0)
-2
Evaluate (-320 - -330) + (-12 - 1).
-3
What is the value of -2 + -10 - (-7 - 0)?
-5
Evaluate (-2 + 1 - 11 - (-41 - -28)) + -25.
-24
2 + 15 - 1 - (-7 - 5)
28
Calculate 11 + 9 - 0 - 19.
1
Calculate (-26 - (-29 + 9)) + -1 + -1 - -6.
-2
What is the value of -25 - (-25 + -1 + 13)?
-12
What is the value of -6 + (12 - (18 + -15))?
3
What is the value of 0 + 4 + 0 + 0 - (-5 - 0)?
9
Evaluate (-2 - (1 + -1)) + -5 + 18.
11
Calculate 0 + (-4 + -8 + 8 - -22).
18
What is (-1 + 11 - (206 + -200)) + -2 + 2?
4
Calculate -33 + -57 + 45 - -72.
27
-11 - (-25 - (-12 + 8))
10
(29 - 31) + 18 + 1 + (-11 - -9)
15
Evaluate (-82 - -43 - (-1 - 6)) + 0.
-32
(-27 - (-31 + 3)) + 0 + -2 + -1
-2
What is 0 - (-11 - (7 + (-8 + 0 - 6)))?
4
(-4 - -3) + 5 - -1 - (-4 - 1)
10
11 + (11 - (15 + 12))
-5
Calculate -20 - (27 + -10 - 61).
24
0 + -2 + 15 + (-622 - -622) + -1
12
What is the value of -12 + 22 - 9 - (4 + -2) - 29?
-30
What is 19 - (2 - -8) - 16?
-7
Calculate 61 - (29 - (30